-4*f(m) + 11*s(m). What is the tens digit of d(-4)?
1
Suppose -t - 8 = 2*t - 2*g, 2*t + 3*g = -14. Let x = 9 + t. Suppose 0 = z - 2 - x. What is the units digit of z?
7
Suppose -3*w = -545 - 76. What is the hundreds digit of w?
2
Let s = 14 + -14. Suppose 0 = -5*i - s*d + d + 140, 2*d - 71 = -3*i. What is the units digit of i?
7
Suppose 3 + 13 = -4*p, -3*p - 26 = 2*g. Let n be g + 0 + (-6)/(-2). What is the units digit of n/(-8)*6*2?
6
Suppose b = -b - 2*w + 6, 0 = 5*w + 20. Let c = b + -5. Suppose -c*d + d + 17 = 0. What is the tens digit of d?
1
Let z(j) = j. Let v be z(3). Suppose 0*m + v*m - 66 = 0. What is the units digit of m?
2
What is the units digit of (-7)/2*-4 + 3?
7
Let n be -1 + (-28)/1*-1. Let s = n - 18. What is the units digit of s?
9
Let j be (3 + 0)/((-6)/4). What is the units digit of 1*2 + (4 - j)?
8
Let b(s) = -s**3 + 5*s**2 - 3*s + 1. What is the tens digit of b(3)?
1
Let c = -73 + 133. What is the units digit of (1/2)/(1/c)?
0
Let c(z) be the second derivative of 1/12*z**4 - 3/2*z**2 + 1/2*z**3 + 0 + 3*z. What is the tens digit of c(3)?
1
Let y = -53 - -121. What is the units digit of y?
8
Let h(j) = -5*j - 1. Let u be h(-2). Let g = 15 - u. Suppose 2*l - 3*l = -g. What is the units digit of l?
6
What is the units digit of 1293/12 - ((-18)/8 - -2)?
8
Let k = 6 + -3. Suppose 0 = -2*c - k + 1, -2*c = 5*u - 33. What is the units digit of u?
7
Suppose 5*u - 4 = -g + 21, -4*u = -4*g - 44. Suppose -a = -u*a + 120. What is the units digit of a?
4
Let d = -83 + 438. What is the units digit of d?
5
What is the units digit of 6 - ((-8)/4 + 4)?
4
Suppose -2*h - 2*a = -8, -2*h + 4 = -h - 5*a. Suppose -2*s + 2 = 4, 2*s = -h*b + 14. Suppose -r = -6 + b. What is the units digit of r?
2
What is the units digit of 10*((-6)/(-4) + 1)?
5
Let l = -15 + 17. What is the units digit of (-2 - -13)*(5 - l)?
3
Suppose 0 = z + 2*z - 21. Let j = z + 1. What is the units digit of j?
8
What is the units digit of ((-39)/26)/((-6)/248)?
2
Let u = 16 + -14. Suppose 28 = q + u. What is the tens digit of q?
2
Suppose o + 5*f + 19 = 0, 4*o + f + 4 = 5*f. Let t be (-2)/5 + 34/10. What is the units digit of (48/(-9))/o*t?
4
Let k(g) = 5*g + 8. Let r(c) = -4*c - 8. Let u(s) = s - 1. Let m be u(4). Let q(v) = m*k(v) + 4*r(v). What is the units digit of q(-12)?
4
Let l be (8*1)/(-1 - -3). Let x be (-3 + l)*(-10)/1. What is the units digit of (4/x)/(4/(-60))?
6
Let h = 60 - -11. What is the units digit of h?
1
Let j = 3 + -2. Let c be (2/(-6))/((-4)/12). What is the units digit of j - (-3)/(3/c)?
2
Let d(v) be the third derivative of -v**4 - v**3/6 - 4*v**2. What is the tens digit of d(-1)?
2
Let j(i) = -i**2 - 2*i + 4. Let z be j(3). Let t = 1 - z. Let o = t + -2. What is the tens digit of o?
1
Suppose 148 = -2*w + 3*w + 2*m, -w - 4*m + 154 = 0. What is the hundreds digit of w?
1
Let f(p) = p + 9. Suppose 5*r - 5 = 5*n, -4*r + 0 - 26 = 2*n. Let s be f(r). Suppose 5*u = -s*k - 28 + 88, -36 = -2*u - 5*k. What is the units digit of u?
8
Let n(q) = 20*q**2 - q + 1. Let o be ((-2)/2)/1*-1. What is the units digit of n(o)?
0
Suppose -19 - 81 = -5*j. What is the units digit of j?
0
Let b = 239 + -21. What is the tens digit of b?
1
Let x be (-38)/(-3) + 2/6. Let o = -20 + 18. What is the tens digit of x/(-2)*o - -1?
1
Let l(x) = 3*x. Let r be l(5). What is the units digit of (6/(-4))/(r/(-40))?
4
What is the hundreds digit of (36/(-21))/((-2)/126)?
1
What is the units digit of (20/6)/(12/18)?
5
What is the units digit of 6/15 - ((-896)/10 + 1)?
9
Suppose 4*s - 88 = -0*s. Suppose l - 70 = -3*a - 0*l, -a + l + s = 0. What is the units digit of a?
3
Suppose 2*f - 4*n + 0 = 2, -5*f = 5*n - 20. Suppose 0 = -h - f + 5. Suppose -3*s - 2*d = -d - 23, 0 = 3*s + h*d - 25. What is the units digit of s?
7
Suppose 82 = 5*p - 3*u - 0*u, -62 = -3*p + 5*u. Let r = 30 - p. What is the units digit of r?
6
Suppose -5*t = 19 + 131. Let b = 55 + t. What is the units digit of b?
5
Let v be (-6)/(-8) + 875/28. Suppose 3*l = l + v. What is the units digit of l?
6
Let x = -8 + 12. Suppose x*o + 0 - 4 = 0, 4*o - 9 = -5*k. What is the units digit of k/2*10/5?
1
Suppose 2*d + 1 = 9. Suppose -4*l = d - 24. Suppose -3*j = -l*v + 6 - 0, 0 = -3*v - 4*j + 21. What is the units digit of v?
3
Suppose -8 = 4*f - 24. Let q be (2/f)/(1/42). Suppose o + 2*o = q. What is the units digit of o?
7
Let a(m) = m. Let i be a(3). Let d be 1/(-2) - 5/(-10). Suppose v + 39 = 4*v - i*t, d = 4*t. What is the units digit of v?
3
Suppose 16 = 4*a - 0*p + 3*p, -16 = -4*a + 4*p. Let l = -1 + 1. Suppose l*o = -a*o + 76. What is the tens digit of o?
1
Suppose 136 = 2*n - 4*k, -3*k + 340 = 2*n + 3*n. Let l = n - 35. What is the units digit of l?
3
Suppose -3*k = 5*n - 0*k - 88, 5*n - 84 = -4*k. Suppose -3*s = s - 5*d - n, -d + 4 = 0. What is the tens digit of s?
1
Let r(l) = -26*l + 1. Let w(i) = 26*i - 1. Let s(o) = -6*r(o) - 5*w(o). What is the tens digit of s(1)?
2
Let m = 6 - 1. Suppose -m = -2*q + 5. What is the units digit of q?
5
Suppose -8*b = -11*b + 609. What is the hundreds digit of b?
2
Let n = 60 - 35. Suppose -4*l + n + 23 = 0. What is the units digit of l?
2
Suppose 4*d = -4*i - 4, 3*d - 5 = -2*d + 5*i. Suppose -3*b = -18 - d. What is the units digit of b?
6
Suppose -15 + 1 = -2*a. Suppose 8 = 3*x - a. What is the units digit of ((-32)/(-2))/(x + -3)?
8
Suppose 3*l = 100 + 56. What is the units digit of l?
2
Let g(w) = 12*w + 11. What is the tens digit of g(5)?
7
Let s(j) = -2*j - 2. Let g be (-93)/(-18) + (-2)/12. Suppose 26 = -g*w + 1. What is the units digit of s(w)?
8
Let r(j) be the first derivative of j**3/3 + 3*j**2 + 2*j - 3. What is the units digit of r(-6)?
2
Let m be 2/8 + (-1)/4. Suppose 4*c - 199 + 19 = m. What is the units digit of c?
5
Let r(a) = 1. Let c(k) = -k - 3. Let u(p) = -c(p) + 5*r(p). Let i be u(-4). Suppose -1 = i*g - 5. What is the units digit of g?
1
Suppose -r = -3 - 6. What is the units digit of r?
9
Let z = 370 - 253. What is the tens digit of z?
1
Suppose -w = -5*w - 48. Let x = w + 18. Suppose 2*z - 2 = x. What is the units digit of z?
4
Let h(b) = 4*b**3 - 2*b + 1. Let t be h(1). Suppose -48 = -3*w + 3*j, 5*j = -t*w + 3 + 37. What is the units digit of w?
5
Let c = 5 + 117. What is the tens digit of c?
2
Let i = -68 + 126. What is the units digit of i?
8
Let t(m) = m + 4. Let w = 4 - 6. What is the units digit of t(w)?
2
Let j = 1 - 1. Suppose j*y + y = 3. What is the units digit of y?
3
Suppose -14*b + 12*b = -6. Suppose p + 14 = b*p. What is the units digit of p?
7
Let i = -19 + 37. What is the units digit of i?
8
Let m(p) = p. Let c be m(4). What is the units digit of -2 + c/2 + 4?
4
Let b(h) = 10*h + 2. Let q be b(-3). Let s = 43 + q. What is the units digit of s?
5
Suppose n - 3 = -0*n. Suppose -n*g + 2*g = -10. What is the units digit of g?
0
Suppose -h + 5 = -2*h. Let a be (0 + -2)/(1/(-2)). Let b = a - h. What is the units digit of b?
9
Let l = -3 + 18. Suppose 1 = 4*j - l. What is the units digit of j?
4
Let b(x) = x**3 + 8*x**2 + 6*x - 9. Let y be b(-7). Let p be (100/35)/(2/7). What is the units digit of 74/p + y/5?
7
Let u = -4 - -1. Let r(x) = x**3 + 3*x**2 - 3*x - 3. What is the units digit of r(u)?
6
Let y = 120 + 126. What is the units digit of y?
6
Let b(g) = -g**2 - g**3 - 2*g + 2*g**2 + 6 + 3*g. What is the units digit of b(0)?
6
Suppose -5*r + 15 = -5*m, 0 = 3*m - 0*m + 12. Let z = 1 - r. What is the units digit of z?
2
Suppose 3*m + 75 = -4*d, -5*d - 5*m = -2*d + 48. Let b = 4 - 17. Let h = b - d. What is the units digit of h?
8
Let k = 50 - 40. What is the tens digit of k?
1
Let w be ((-4)/(-3))/((-3)/27). Let n = -29 - w. Let f = n - -25. What is the units digit of f?
8
Suppose 7 + 1 = -s + 2*p, -3*s - 2*p = 8. Let u(t) = -t**2 - 5*t + 2. What is the units digit of u(s)?
6
Let r(k) = k + 5. Let v be r(-7). Let z = v - -8. Let s(f) = -f**2 + 7*f + 3. What is the units digit of s(z)?
9
Let d(u) = 0*u + u**2 - 2*u**2 + 5*u + 6. Let r = -5 + 10. What is the units digit of d(r)?
6
Suppose 4*s - 55 = 3*q + 51, 5*s = -5*q + 115. What is the tens digit of s?
2
Let f(g) = g + 19. Let h be f(7). Let b = 3 + 0. Suppose -b*x = -0*x - 5*y - h, 5*y - 93 = -4*x. What is the units digit of x?
7
Suppose 3*t - 12 = 2*t + i, 0 = 2*t - 4*i - 34. Let n(r) = 3*r + 6. Let 